 j + 24. Let i be x(0). Let w = i - 15. Calculate the remainder when p(w) is divided by 13.
12
Suppose -q - 3*k = -29, -27 = -3*q + k + 2*k. Let f be (-2)/(-4) + (-51)/(-6). Let m(j) = 2*j + 9. What is the remainder when m(f) is divided by q?
13
Let u = 3 - 3. Suppose -5*i + i + 32 = u. What is the remainder when 30 is divided by i?
6
Let b(v) = -2*v**3 - 4*v**2 + 2. Calculate the remainder when 78 is divided by b(-3).
18
Let j = -9 + 10. Suppose 3*l + 5*h + 0 - 10 = 0, 8 = l - 3*h. What is the remainder when l is divided by (-3 - j)*(-9)/12?
2
Let i = 33 + -30. Calculate the remainder when 5 is divided by i.
2
Let j(y) be the third derivative of 11*y**4/24 - y**3/2 - 3*y**2. Suppose -5*v = -2*v - 21. What is the remainder when j(2) is divided by v?
5
Let t(a) = -2*a**3 + 16*a**2 + 5*a + 5. What is the remainder when t(7) is divided by 28?
26
Let k = 5 + 0. Suppose 0 = 4*q + k + 11. Let c = q - -13. What is the remainder when 16 is divided by c?
7
What is the remainder when 4 + -1 + (1 + 1 - 0) is divided by 2?
1
Let i be (13/3)/((-3)/(-9)). Let a = -9 + i. What is the remainder when 6 is divided by a?
2
Suppose -54 = 5*f + j + 197, -104 = 2*f + 4*j. Let h be (30/(-4))/((-4)/(-40)). Let l = f - h. What is the remainder when l is divided by 13?
12
Let w = 186 - 101. Suppose -2*q + w = 3*q. Suppose 3*z - 70 - 3 = -2*p, 102 = 3*p + 2*z. What is the remainder when p is divided by q?
15
Let x(a) = 3*a + a**2 + a**2 + 2*a**2 + 2. Calculate the remainder when 130/6 - 2/(-6) is divided by x(-2).
10
Suppose -2*t + 7*l = 3*l + 12, 2*t - 2*l + 4 = 0. Suppose -t*r + r = -4. What is the remainder when r is divided by 1/3 + (-8)/(-3)?
1
Let p(m) = -m - 5. Let d be p(15). Let b = d + 40. What is the remainder when 98 is divided by b?
18
Suppose 309 = 3*c + 3*h, -4*c + 3*h + 318 + 59 = 0. What is the remainder when c is divided by 25?
23
Suppose -56 = -12*f + 11*f. Calculate the remainder when 110 is divided by f.
54
Let a(b) = 2*b**3 - b + 1. Let x be a(1). Suppose -6*n + x*n - 200 = 0. Let d = -22 - n. What is the remainder when d is divided by 15?
13
Suppose -3*g = -25 - 8. Calculate the remainder when 40 is divided by g.
7
Let q(g) = -19*g. Let y be (5 + (-1 - 2))*-1. What is the remainder when q(y) is divided by 13?
12
Suppose -2*f + 5*f = 519. Let j = f - 85. What is the remainder when j is divided by 30?
28
Suppose -6 = 5*t - 1. Suppose 0 = 5*q + 14 - 9. What is the remainder when 8 is divided by (6 - 3)/(q/t)?
2
Suppose 2*c - 51 = -z, -4*c + 30 = -3*c + 5*z. Calculate the remainder when c is divided by 9.
7
Let x(l) be the first derivative of 7*l**3/6 - 3*l**2/2 - l + 2. Let n(y) be the first derivative of x(y). What is the remainder when n(2) is divided by 4?
3
Let o(x) = x**3 - 11*x**2 - 13*x + 16. Let c be o(12). Suppose -3*i + c*b + 63 = 6*b, -3*i + 48 = -3*b. Calculate the remainder when i is divided by 5.
4
Suppose 5*a + 3*d - 169 + 9 = 0, -3*a + 4*d = -125. What is the remainder when a is divided by 19?
16
Let d(c) = -4*c**3 - 3*c**2 + 3*c + 3. Let j(f) = -3*f**3 - 4*f**2 + 3*f + 3. Let n(r) = 2*d(r) - 3*j(r). Calculate the remainder when n(-6) is divided by 9.
6
Suppose -4*r = -0*c + 4*c - 12, -18 = -4*r + 2*c. Suppose 3*t - 3*z = 6, -z = -3 - 1. Let u = t + r. Calculate the remainder when 27 is divided by u.
7
Suppose -2*o + 4 + 2 = 0. Suppose -o*h + 165 = 2*h. What is the remainder when h is divided by 12?
9
Suppose 64 = -6*k + 4*k. Let m be ((-29)/(-4))/((-2)/k). Suppose m = -5*n + 271. What is the remainder when n is divided by 11?
9
Let y be (5/(-15))/((-2)/18). Suppose -y*g - 5*o + 15 = -69, 0 = g + 5*o - 38. What is the remainder when 67 is divided by g?
21
Suppose 4*w + 152 = 2*p - 10, -w = -5*p + 432. Let v = -49 + p. What is the remainder when v is divided by 20?
18
Let m(d) = 8*d**2 - 13. Let p(w) = 7*w**2 - w - 13. Let h(f) = -6*m(f) + 7*p(f). Calculate the remainder when h(10) is divided by 6.
5
Let y(u) = -4*u - 34. Calculate the remainder when 70 is divided by y(-15).
18
Let w be (-5)/10 + (-33)/(-6). Suppose -w*z + z + 148 = 0. Calculate the remainder when z is divided by 19.
18
Let x = -26 - 28. Let o = 78 - 56. Let q = o - x. Calculate the remainder when q is divided by 26.
24
Let c = -4 - 0. Let x = c - -9. What is the remainder when 19 is divided by x?
4
Suppose 4*c + 3 = 4*d + 287, c + 4*d - 71 = 0. Calculate the remainder when c is divided by 34.
3
Let g(u) = u + 3. Let y be g(4). Suppose -k + y = -2. Calculate the remainder when (-99)/(-4) - 2/(-8) is divided by k.
7
Let l(r) = 3*r - 12. Let u be l(6). What is the remainder when 41 is divided by (21/u)/(-7)*-22?
8
Suppose -171 = 3*q - 6*q. Let t = q - 38. What is the remainder when 37 is divided by t?
18
Suppose -4*l + 16 = -4. Suppose -l*b + 6*b - 13 = 0. Calculate the remainder when 51 is divided by b.
12
Calculate the remainder when 68 is divided by 2/2 + 2*11.
22
Let j be ((-5)/(-4))/((-3)/12). Let p = -7 - j. Calculate the remainder when (0 + 2)/p - -3 is divided by 1.
0
Let a = 11 - 8. Suppose v = s + a*v - 9, -3*s - 3*v = -36. What is the remainder when 29 is divided by s?
14
Suppose 3*i - o - o = -13, -3*i + 3*o - 15 = 0. Calculate the remainder when 2/(10/i)*-25 is divided by 8.
7
Suppose 38 = 2*n - 2*p, -p + 32 = 2*n - 0*n. Calculate the remainder when 50 is divided by n.
16
Let w(k) = 13*k + 3. Let g be w(3). Let c be (g/4)/((-4)/24). Let o = c + 108. What is the remainder when o is divided by 12?
9
Suppose 2*k + 3 = 5*k. Let v(c) = c**2 + c. Let w be v(k). Suppose y - s - 17 = -2*y, -w*y - 3*s = 7. What is the remainder when 6 is divided by y?
2
Let v(j) = 2*j**2 + 4. What is the remainder when v(-6) is divided by 30?
16
What is the remainder when (-7 - 6)*(-3)/1 is divided by 7?
4
Let h(j) = -3*j**2 - 23*j - 20. Calculate the remainder when h(-6) is divided by (-4)/(-12) + (-17)/(-3).
4
Suppose -10*a + 185 = -5*a. What is the remainder when 107 is divided by a?
33
Let t(g) = 0 + 2 - 3 + 2*g**2 + 3*g. Calculate the remainder when t(-6) is divided by 28.
25
Let q(i) = i + 10. Calculate the remainder when 18 is divided by q(0).
8
Let s(z) = z**2 + 6*z + 3. Let h be s(-3). Let t be 3/((9/h)/(-3)). Suppose -2*l - t = -24. What is the remainder when 33 is divided by l?
6
Let s be (60/(-25))/((-9)/60). Calculate the remainder when 103 - 3/(12/s) is divided by 34.
31
Let f(s) = s**2 + 1. Let d(t) = -15*t**2 + 3*t - 21. Let i(x) = d(x) + 18*f(x). What is the remainder when i(-5) is divided by 15?
12
Suppose 2*w - 5*t = 7*w - 20, w = -2*t + 2. Suppose w*z - z = 360. Calculate the remainder when z is divided by 19.
15
Let t(d) = d**2 + d + 6. Let j be t(7). Suppose 2*y + 10 = j. What is the remainder when y is divided by 1*(-28)/(-10)*5?
12
Let i(b) = 7*b**3 + 2*b**2 - 2*b + 3. Suppose -18*q + 302 = 14. Calculate the remainder when i(2) is divided by q.
15
Suppose 9 + 1 = 5*t. Suppose -2*c + t*s = 3*s - 21, -42 = -5*c + s. What is the remainder when c is divided by 5?
4
Let h = -4 + 7. Suppose 0 = 5*a + 3*i - 80, h*a + 0*i - 44 = -i. What is the remainder when ((-2)/3)/((-1)/57) is divided by a?
12
Suppose 3*g - 2*g = 5. Suppose -g*l - 125 = -10*l. What is the remainder when l is divided by 13?
12
Let d(i) = -2*i. Let o be d(-5). Suppose 0 = 5*y - 5 - o. Suppose 0 = 2*k - 2*p - 24, 5*k + 0*p - 20 = -y*p. What is the remainder when k is divided by 2?
1
Let u = 49 + -27. Let h be 20/11 + 4/u. Suppose -11 = -h*r + 17. Calculate the remainder when r is divided by 8.
6
Suppose 0 = -4*k + 4*i + 164, 2*k - 108 = 4*i - 20. Calculate the remainder when k is divided by 63/5 + 2/5.
12
Suppose 3*k = -2*x - 8, 4*k + 16 = 3*k - 4*x. Let g(b) be the first derivative of b**3/3 + 3*b - 10. Calculate the remainder when 9 is divided by g(k).
0
Let s = -6 + 20. Calculate the remainder when 34 is divided by 602/49 + (-4)/s.
10
Suppose 4*p + 76 = 252. What is the remainder when p is divided by 23?
21
Suppose 5*s + 1 = -14. Let l = -48 + 71. What is the remainder when l is divided by 36/(-10)*10/s?
11
Suppose -i + 3 = -5*u, -5*i + 38 = -0*u - 2*u. Calculate the remainder when i is divided by 3.
2
Let r be (0/1)/(1 + -3). Suppose r = -4*v + 2*f - 180, 2*v - 3*f = 3*v + 31. Let m = v - -64. What is the remainder when 40 is divided by m?
19
Suppose 100 + 306 = 7*u. What is the remainder wh